17
Calculate the remainder when 73 is divided by 39.
34
What is the remainder when 40 is divided by 16?
8
What is the remainder when 1301 is divided by 93?
92
Calculate the remainder when 154 is divided by 28.
14
Calculate the remainder when 150 is divided by 43.
21
What is the remainder when 909 is divided by 14?
13
Calculate the remainder when 2775 is divided by 90.
75
Calculate the remainder when 133 is divided by 42.
7
Calculate the remainder when 1919 is divided by 236.
31
Calculate the remainder when 651 is divided by 31.
0
What is the remainder when 566 is divided by 72?
62
What is the remainder when 387 is divided by 245?
142
What is the remainder when 286 is divided by 29?
25
What is the remainder when 537 is divided by 7?
5
Calculate the remainder when 4756 is divided by 39.
37
Calculate the remainder when 2282 is divided by 206.
16
What is the remainder when 306 is divided by 14?
12
Calculate the remainder when 159 is divided by 3.
0
Calculate the remainder when 9454 is divided by 48.
46
What is the remainder when 626 is divided by 156?
2
What is the remainder when 149 is divided by 75?
74
What is the remainder when 62 is divided by 58?
4
What is the remainder when 82 is divided by 25?
7
What is the remainder when 453 is divided by 149?
6
Calculate the remainder when 1359 is divided by 85.
84
Calculate the remainder when 4653 is divided by 29.
13
What is the remainder when 642 is divided by 100?
42
What is the remainder when 488 is divided by 133?
89
Calculate the remainder when 899 is divided by 66.
41
What is the remainder when 967 is divided by 313?
28
Calculate the remainder when 393 is divided by 103.
84
Calculate the remainder when 48 is divided by 5.
3
What is the remainder when 903 is divided by 287?
42
Calculate the remainder when 303 is divided by 199.
104
What is the remainder when 98 is divided by 36?
26
What is the remainder when 290 is divided by 129?
32
Calculate the remainder when 398 is divided by 83.
66
What is the remainder when 1313 is divided by 648?
17
Calculate the remainder when 239 is divided by 10.
9
What is the remainder when 53 is divided by 9?
8
What is the remainder when 553 is divided by 3?
1
What is the remainder when 350 is divided by 44?
42
What is the remainder when 128 is divided by 24?
8
Calculate the remainder when 205 is divided by 31.
19
What is the remainder when 1144 is divided by 232?
216
What is the remainder when 31 is divided by 9?
4
Calculate the remainder when 898 is divided by 75.
73
Calculate the remainder when 30805 is divided by 163.
161
Calculate the remainder when 5408 is divided by 123.
119
What is the remainder when 841 is divided by 23?
13
What is the remainder when 39 is divided by 18?
3
Calculate the remainder when 334 is divided by 14.
12
What is the remainder when 209 is divided by 71?
67
Calculate the remainder when 4169 is divided by 346.
17
What is the remainder when 440 is divided by 74?
70
Calculate the remainder when 35 is divided by 10.
5
Calculate the remainder when 107 is divided by 24.
11
Calculate the remainder when 169 is divided by 47.
28
What is the remainder when 460 is divided by 87?
25
What is the remainder when 9838 is divided by 30?
28
Calculate the remainder when 431 is divided by 138.
17
Calculate the remainder when 25797 is divided by 120.
117
Calculate the remainder when 252 is divided by 37.
30
What is the remainder when 72 is divided by 15?
12
What is the remainder when 518 is divided by 8?
6
Calculate the remainder when 227 is divided by 96.
35
Calculate the remainder when 16100 is divided by 15.
5
Calculate the remainder when 3613 is divided by 16.
13
What is the remainder when 973 is divided by 147?
91
Calculate the remainder when 644 is divided by 11.
6
Calculate the remainder when 424 is divided by 85.
84
Calculate the remainder when 538 is divided by 14.
6
What is the remainder when 4449 is divided by 89?
88
What is the remainder when 41 is divided by 7?
6
What is the remainder when 1275 is divided by 44?
43
Calculate the remainder when 3331 is divided by 14.
13
Calculate the remainder when 279 is divided by 33.
15
What is the remainder when 178 is divided by 46?
40
Calculate the remainder when 1231 is divided by 9.
7
Calculate the remainder when 182 is divided by 21.
14
What is the remainder when 80 is divided by 6?
2
Calculate the remainder when 658 is divided by 55.
53
What is the remainder when 721 is divided by 175?
21
What is the remainder when 122 is divided by 13?
5
What is the remainder when 541 is divided by 226?
89
What is the remainder when 174 is divided by 112?
62
What is the remainder when 405 is divided by 26?
15
Calculate the remainder when 1010 is divided by 286.
152
What is the remainder when 286 is divided by 143?
0
What is the remainder when 224 is divided by 57?
53
What is the remainder when 150 is divided by 96?
54
What is the remainder when 2608 is divided by 21?
4
What is the remainder when 1657 is divided by 112?
89
What is the remainder when 91 is divided by 44?
3
What is the remainder when 693 is divided by 58?
55
What is the remainder when 282 is divided by 102?
78
What is the remainder when 17 is divided by 9?
8
Calculate the remainder when 541 is divided by 88.
13
What is the remainder when 4308 is divided by 57?
33
What is the remainder when 242 is divided by 61?
59
Calculate the remainder when 2444 is divided by 39.
26
Calculate the remainder when 1341 is divided by 112.
109
Calculate the remainder when 5080 is divided by 76.
64
Calculate the remainder when 2838 is divided by 150.
138
What is the remainder when 246 is divided by 42?
36
What is the remainder when 392 is divided by 93?
20
What is the remainder when 11520 is divided by 23?
20
What is the remainder when 132 is divided by 4?
0
What is the remainder when 956 is divided by 13?
7
What is the remainder when 72 is divided by 28?
16
What is the remainder when 310 is divided by 109?
92
Calculate the remainder when 167 is divided by 155.
12
Calculate the remainder when 369 is divided by 27.
18
Calculate the remainder when 111 is divided by 13.
7
What is the remainder when 755 is divided by 14?
13
Calculate the remainder when 1585 is divided by 6.
1
Calculate the remainder when 15317 is divided by 12.
5
Calculate the remainder when 446 is divided by 46.
32
Calculate the remainder when 217 is divided by 36.
1
What is the remainder when 150 is divided by 8?
6
What is the remainder when 21 is divided by 18?
3
Calculate the remainder when 268 is divided by 64.
12
What is the remainder when 42 is divided by 32?
10
Calculate the remainder when 524 is divided by 48.
44
Calculate the remainder when 12 is divided by 8.
4
Calculate the remainder when 280 is divided by 4.
0
Calculate the remainder when 2547 is divided by 150.
147
What is the remainder when 1463 is divided by 72?
23
What is the remainder when 566 is divided by 6?
2
Calculate the remainder when 79 is divided by 28.
23
What is the remainder when 957 is divided by 475?
7
What is the remainder when 603 is divided by 593?
10
Calculate the remainder when 720 is divided by 258.
204
What is the remainder when 4176 is divided by 21?
18
What is the remainder when 88 is divided by 39?
10
What is the remainder when 1552 is divided by 14?
12
What is the remainder when 966 is divided by 140?
126
Calculate the remainder when 136 is divided by 18.
10
Calculate the remainder when 1224 is divided by 251.
220
Calculate the remainder when 13 is divided by 12.
1
What is the remainder when 985 is divided by 22?
17
Calculate the remainder when 11389 is divided by 44.
37
What is the remainder when 229 is divided by 49?
33
What is the remainder when 328 is divided by 104?
16
Calculate the remainder when 495 is divided by 26.
1
Calculate the remainder when 283 is divided by 15.
13
Calculate the remainder when 219 is divided by 20.
19
What is the remainder when 1046 is divided by 335?
41
What is the remainder when 1593 is divided by 21?
18
Calculate the remainder when 98 is divided by 40.
18
Calculate the remainder when 107 is divided by 18.
17
Calculate the remainder when 3259 is divided by 3.
1
Calculate the remainder when 110 is divided by 36.
2
What is the remainder when 488 is divided by 125?
113
What is the remainder 